
5
Let b(n) = -200*n + 12005. What is b(60)?
5
Let p(v) = 2*v**2 + 495*v + 30619. Calculate p(-122).
-3
Let x(f) = -1556*f + 121375. What is x(78)?
7
Let q(j) = 15*j - 52. Determine q(8).
68
Let y(c) = -2*c**2 + 4053*c + 32545. Give y(-8).
-7
Let r(w) = 64*w**2 + 5*w + 2. Determine r(-1).
61
Let i(s) = 273*s + 6. What is i(-1)?
-267
Let d(y) = y**3 + 2*y**2 - 6*y - 9. Calculate d(4).
63
Let b(o) = 8*o**2 - 35*o - 118. Calculate b(11).
465
Let y(s) = 289*s + 7222. Calculate y(-25).
-3
Let t(j) = -244*j + 577. Calculate t(3).
-155
Let m(o) = o**3 + 10*o**2 - 25*o + 5. Determine m(-12).
17
Let c(s) = 250*s - 906. What is c(3)?
-156
Let m(y) = 67*y + 1145. Give m(-17).
6
Let d(r) = -19*r - 162. Give d(-7).
-29
Let d(t) = 148*t - 1199. Determine d(8).
-15
Let k(d) = -d**3 + 5*d**2 + d - 1. Determine k(6).
-31
Let v(d) = 2*d**3 - 17*d**2 - 558*d - 7. Determine v(-13).
-20
Let s(c) = -c**3 - 20*c**2 - 36. What is s(-20)?
-36
Let f(t) = -55*t**2 + 222*t - 10. Calculate f(4).
-2
Let n(d) = -d**3 + 312*d**2 - 621*d - 1. Determine n(2).
-3
Let q(i) = i**2 - 213*i - 12215. Determine q(260).
5
Let w(a) = -787*a + 10098. Determine w(13).
-133
Let q(j) = -j**3 - 179*j**2 - 526*j + 354. What is q(-176)?
2
Let h(v) = -2231*v + 6689. Calculate h(3).
-4
Let i(m) = -4*m + 230. Calculate i(37).
82
Let a(l) = -2*l**3 - 31*l**2 - 25*l - 13. What is a(-13)?
-533
Let y(q) = -3*q - 1. Give y(3).
-10
Let y(u) = 106*u + 2657. What is y(-25)?
7
Let p(r) = 5*r**3 + 175*r**2 + 11*r + 413. Calculate p(-35).
28
Let d(f) = -167*f + 546. Give d(3).
45
Let g(l) = 380*l + 7235. Calculate g(-18).
395
Let d(u) = -2*u**3 - 53*u**2 - u + 650. Determine d(-26).
0
Let c(f) = 7*f + 153. Calculate c(41).
440
Let t(o) = o**3 - 56*o**2 + 8*o - 452. Determine t(56).
-4
Let o(m) = -4*m**2 - 30*m + 46. What is o(-9)?
-8
Let i(q) = -25*q**2 + 19*q + 24. What is i(6)?
-762
Let j(m) = 2*m**3 + 17*m**2 - 32*m - 7. Calculate j(-10).
13
Let v(k) = 560*k + 376. Calculate v(-2).
-744
Let i(l) = 3*l**3 + 17*l**2 + 17*l + 43. Give i(-6).
-95
Let a(z) = -100*z - 52. Calculate a(-4).
348
Let s(k) = 4*k**2 + 30*k + 25. Determine s(-5).
-25
Let u(x) = -25*x**2 - 972*x + 126. Give u(-39).
9
Let a(n) = 34*n - 238. Calculate a(16).
306
Let y(x) = x**2 + 163*x - 1693. What is y(10)?
37
Let n(a) = 101*a**2 - 272*a - 2. Give n(4).
526
Let v(s) = -15*s**2 + 102*s - 10. Determine v(7).
-31
Let y(k) = -3*k**3 + 111*k**2 + 922*k + 85. Determine y(44).
-3
Let b(c) = 199*c - 403. Give b(2).
-5
Let g(w) = -2*w**3 - 250*w**2 + 252*w - 25. What is g(-126)?
-25
Let o(u) = u**3 - 26*u**2 + 3*u - 71. What is o(26)?
7
Let x(i) = -i**3 - 22*i**2 + 237*i - 100. Calculate x(-30).
-10
Let i(y) = y**2 - 453*y - 3223. What is i(-7)?
-3
Let y(g) = 17*g**2 - 45*g + 305. Determine y(5).
505
Let p(o) = 212*o + 155. What is p(1)?
367
Let d(o) = -7*o + 573. Determine d(83).
-8
Let r(x) = -3*x**2 + 157*x - 321. Calculate r(50).
29
Let o(r) = -49*r**3 - r**2 + 3*r - 3. Calculate o(1).
-50
Let s(b) = -19*b**2 - 31*b + 1. What is s(-1)?
13
Let r(a) = 368*a**2 + 1114*a - 10. Give r(-3).
-40
Let t(r) = -100*r + 220. Give t(3).
-80
Let a(u) = 4*u + 47. Calculate a(-7).
19
Let z(b) = -b**2 - 29*b + 326. What is z(-37)?
30
Let a(w) = 14*w**3 - w**2 + 3*w - 3. Determine a(-2).
-125
Let i(g) = -91*g + 5283. Determine i(58).
5
Let g(n) = -35*n + 665. Calculate g(24).
-175
Let y(q) = -69*q - 217. Determine y(-8).
335
Let n(k) = 27*k + 438. What is n(-17)?
-21
Let b(l) = 25*l + 227. Determine b(-10).
-23
Let q(n) = n**2 - 35*n + 248. Determine q(23).
-28
Let y(s) = -s**3 - 4*s**2 + 176*s - 4. What is y(12)?
-196
Let f(n) = 9*n - 183. Calculate f(25).
42
Let q(u) = -3*u**2 + 456*u - 912. Calculate q(2).
-12
Let q(a) = -2*a**2 + 20*a + 151. Determine q(16).
-41
Let x(w) = 67*w**2 + 9*w - 26. Calculate x(2).
260
Let f(z) = 2099*z + 33550. What is f(-16)?
-34
Let k(t) = 295*t + 2396. Calculate k(-8).
36
Let f(a) = 5*a - 31. Give f(11).
24
Let w(r) = r**2 + 21*r - 70. Calculate w(-27).
92
Let q(n) = -108*n + 9347. Give q(87).
-49
Let d(w) = -3*w**2 + 229*w - 2064. What is d(66)?
-18
Let m(o) = 3*o**3 - o**2 - 54*o - 8. Determine m(-4).
0
Let k(y) = -15*y**3 + 90*y**2 + 19*y - 134. Calculate k(6).
-20
Let r(t) = -4*t**3 + t**2 + 5*t - 3. Calculate r(-2).
23
Let a(x) = 77*x**3 - 2*x**2 + 3*x + 3. Give a(-1).
-79
Let w(g) = 406*g - 21112. Calculate w(52).
0
Let i(y) = y**3 + 49*y**2 + 65*y - 1350. Give i(-47).
13
Let f(x) = x**3 + 17*x**2 + 14*x + 75. Give f(-16).
107
Let o(x) = x**2 + 156*x - 1359. Calculate o(8).
-47
Let h(k) = -28*k**3 + 446*k**2 + 34*k + 15. Determine h(16).
47
Let d(j) = 453*j + 1392. Give d(-3).
33
Let i(p) = p**2 - 111*p + 69. Give i(111).
69
Let v(d) = -448*d - 2672. Calculate v(-6).
16
Let p(d) = 37*d**2 - 1886*d - 38. Determine p(51).
13
Let n(i) = i**2 - 27*i - 583. Give n(-14).
-9
Let k(l) = l - 60. Determine k(44).
-16
Let l(u) = -4*u**2 + 70*u - 27. Give l(15).
123
Let d(b) = 16*b + 7. What is d(0)?
7
Let j(d) = 3*d**3 - 4*d**2 - 14*d - 26. Give j(6).
394
Let j(n) = 4229*n + 312951. Calculate j(-74).
5
Let j(v) = 150*v - 3577. What is j(24)?
23
Let j(a) = a**3 + 15*a**2 - 14. What is j(-16)?
-270
Let c(o) = 2*o**2 - 71*o - 369. Give c(40).
-9
Let d(w) = 4*w**3 - 2*w - 25. Determine d(-4).
-273
Let h(j) = 3*j**2 + 894*j + 10296. What is h(-286)?
0
Let m(t) = -17*t + 332. Calculate m(17).
43
Let b(w) = w**3 - 13*w**2 + 58*w + 28. Calculate b(7).
140
Let g(l) = -2*l**3 - 41*l**2 + 15*l - 122. Calculate g(-21).
4
Let m(h) = 300*h + 910. Give m(-3).
10
Let c(i) = i**3 - 23*i**2 + 122*i - 184. Calculate c(3).
2
Let k(m) = 28*m**2 - 73*m - 33. What is k(3)?
0
Let b(p) = -p**3 + 81*p**2 - 93*p + 1243. Determine b(80).
203
Let g(a) = -117*a - 1760. Calculate g(-15).
-5
Let g(a) = 2*a**2 + 85*a + 574. Determine g(-6).
136
Let m(r) = -12*r**2 - 6*r + 2. What is m(-4)?
-166
Let d(k) = k**3 - 7*k**2 + 16*k - 99. Give d(7).
13
Let z(h) = -2*h**3 - 28*h**2 - 4*h + 5. Give z(-14).
61
Let c(h) = 682*h + 2725. Give c(-4).
-3
Let b(i) = 2*i**2 + 48*i + 252. What is b(-14)?
-28
Let n(d) = -d**3 - 4*d + 3. Calculate n(-5).
148
Let t(v) = -3165*v + 12657. Give t(4).
-3
Let j(g) = 238*g - 3371. Determine j(14).
-39
Let r(m) = -3*m**3 + 532*m**2 - 189*m + 2159. Give r(177).
35
Let x(g) = -79*g**2 + 238*g + 4. What is x(3)?
7
Let g(t) = 2*t**2 - 791*t + 27802. Calculate g(39).
-5
Let y(n) = -n**2 - 61*n + 691. What is y(-70)?
61
Let a(l) = -l**3 - 26*l**2 - 5*l - 31. Calculate a(-26).
99
Let c(v) = 16*v + 361. Calculate c(-19).
57
Let x(c) = -2*c**2 - 80*c + 365. Give x(-44).
13
Let z(f) = -f**3 - 441*f - 1317. Give z(-3).
33
Let g(o) = 2*o**2 - 138*o - 3861. Determine g(-22).
143
Let s(t) = -21*t**2 - t + 67. What is s(5)?
-463
Let n(o) = 2*o**3 + 25*o**2 - 10*o + 13. Determine n(-13).
-26
Let o(u) = 397*u + 14301. What is o(-36)?
9
Let x(h) = 8*h**2 + 307*h + 1322. What is x(-5)?
-13
Let y(p) = 129*p - 2972. Determine y(23).
-5
Let h(g) = -52*g + 2829. Give h(55).
-31
Let o(r) = 3*r**3 + 22*r**2 + 16*r + 8. Give o(-6).
56
Let b(h) = -93*h + 4464. Calculate b(48).
0
Let y(w) = 1183*w + 108832. Calculate y(-92).
-4
Let s(q) = -10*q + 202. What is s(-7)?
272
Let u(y) = y**2 - 60*y + 354. What is u(54)?
30
Let c(u) = -u**2 - 121*u - 906. What is c(-8)?
-2
Let m(i) = 396*i - 26547. Calculate m(67).
-15
Let w(x) = -x**3 + 19*x**2 - 104*x + 303. Calculate w(13).
-35
Let r(x) = -14*x + 234. Give r(12).
66
Let h(v) = -3*v**2 + 47*v - 158. Calculate h(10).
12
Let j(f) = f**3 + 2*f**2 - 208*f + 32. What is j(13)?
-137
Let v(d) = 11*d - 23. Give v(7).
54
Let k(h) = -14*h**2 + 127*h - 59. Give k(9).
-50
Let w(t) = 81*t - 4580. Give w(51).
-449
Let p(q) = -73*q + 6645. What is p(91)?
2
Let l(o) = 52*o**3 + o**2 + 13*o - 1. What is l(-2)?
-439
Let y(w) = -2*w**3 - 66*w**2 - 132*w - 155. What is y(-31)?
93
Let h(v) = -1422*v - 5993. Give h(-4).
-305
Let w(c) = 49*c + 23. What is w(-3)?
-124
Let n(l) = -59*l**2 + 62*l - 1. Determine n(1).
2
Let x(c) = 8*c**3 + 3*c**2 + 5*c + 6. Determine x(-3).
-198
Let i(p) = 855*p + 5134. Determine i(-6).
4
Let t(g) = 41*g**2 + 301*g - 1645. Determine t(-11).
5
Let u(w) = -w**2 - 99*w + 769. What is u(-106)?
27
Let w(c) = -139*c - 267. Give w(-2).
11
Let w(s) = 209*s - 178. Determine w(3).
449
Let s(a) = -a**3 - a**2 + 85*a - 